n divisor of 11227044 and 24.
12
What is the highest common factor of 193886 and 4642?
22
What is the greatest common divisor of 17649584 and 80?
16
Calculate the greatest common divisor of 10438 and 724520.
614
Calculate the highest common factor of 536551 and 24163.
331
What is the greatest common divisor of 159188 and 286450?
34
What is the greatest common factor of 53429 and 762289?
529
Calculate the highest common factor of 18 and 219632610.
6
What is the highest common divisor of 3798 and 113934303?
1899
What is the greatest common factor of 345300 and 194400?
300
What is the highest common divisor of 20928 and 988194?
654
What is the greatest common divisor of 1255656761 and 3037?
3037
Calculate the highest common factor of 31154 and 1901657.
421
What is the highest common factor of 48805 and 111370?
215
What is the greatest common factor of 232 and 52823326?
58
Calculate the highest common divisor of 75480 and 204564120.
4440
What is the highest common factor of 4864672 and 10576?
16
What is the highest common factor of 22927 and 88981?
101
Calculate the greatest common factor of 2851 and 238788356.
2851
What is the highest common divisor of 28922009 and 122075?
4883
Calculate the greatest common factor of 144203552 and 944.
944
Calculate the greatest common factor of 3156 and 348547588.
1052
What is the highest common divisor of 24110 and 282?
2
What is the greatest common factor of 4606 and 12954375?
2303
What is the greatest common divisor of 80 and 749965?
5
What is the greatest common divisor of 29842 and 289820?
86
Calculate the highest common factor of 163527 and 299430516.
12579
Calculate the greatest common divisor of 170 and 793960.
10
What is the highest common factor of 80570 and 798794?
2302
What is the greatest common divisor of 586232 and 150020?
2308
Calculate the highest common factor of 299 and 15728067.
23
What is the greatest common divisor of 24566259 and 19?
19
Calculate the greatest common factor of 20296 and 556.
4
Calculate the highest common factor of 121 and 46424070.
121
What is the greatest common factor of 80 and 51792670?
10
Calculate the greatest common divisor of 86304 and 960.
96
What is the greatest common factor of 638 and 2667027?
11
Calculate the highest common divisor of 12043255 and 315.
35
What is the highest common factor of 5577553 and 309?
103
What is the highest common divisor of 50927 and 704958?
401
Calculate the highest common divisor of 314301 and 2.
1
Calculate the greatest common factor of 21 and 83346501.
21
What is the greatest common divisor of 170118 and 12186?
18
Calculate the highest common divisor of 974 and 110433581.
487
What is the greatest common factor of 234 and 2416596?
78
What is the greatest common factor of 17720 and 64957976?
3544
What is the greatest common factor of 656 and 12292620?
164
Calculate the greatest common divisor of 16 and 30091856.
16
What is the greatest common factor of 2065 and 74010839?
413
Calculate the greatest common divisor of 81003660 and 12.
12
What is the greatest common factor of 207520 and 80900?
20
Calculate the highest common factor of 15056702 and 6.
2
Calculate the highest common factor of 488 and 253717910.
122
Calculate the highest common factor of 1072118441 and 59.
59
Calculate the highest common factor of 1122 and 73359794.
34
What is the greatest common divisor of 17 and 4956503?
17
What is the greatest common divisor of 817 and 384592?
43
What is the highest common divisor of 305 and 79950565?
305
Calculate the greatest common factor of 13978 and 2524234.
482
Calculate the highest common divisor of 1515 and 4700136.
303
Calculate the highest common divisor of 1411900 and 1412.
4
What is the greatest common factor of 38728 and 16350632?
824
Calculate the highest common factor of 232 and 166716476.
116
Calculate the greatest common factor of 23528 and 12413096.
1384
Calculate the greatest common divisor of 4266081 and 27.
27
Calculate the highest common factor of 41746237 and 327.
109
Calculate the highest common factor of 1740 and 125061920.
580
What is the highest common factor of 3858715 and 34957?
2689
Calculate the highest common divisor of 553632 and 51666.
474
What is the highest common divisor of 11351282 and 16?
2
Calculate the highest common divisor of 65 and 7294055.
5
Calculate the highest common factor of 68747 and 8418.
1403
Calculate the greatest common divisor of 26586 and 855183.
4431
Calculate the highest common divisor of 65773320 and 930.
930
What is the greatest common divisor of 113330650 and 20?
10
What is the highest common divisor of 233935 and 21395140?
3965
What is the greatest common factor of 184707828 and 72?
36
Calculate the highest common divisor of 24612 and 176268.
12
Calculate the highest common divisor of 15321090 and 11786.
142
Calculate the highest common factor of 24341006 and 3.
1
Calculate the greatest common factor of 553 and 9668099.
553
Calculate the highest common factor of 148 and 36009214.
74
Calculate the greatest common divisor of 2439886 and 319.
29
What is the greatest common factor of 594564042 and 41?
41
Calculate the greatest common divisor of 104 and 4165642.
26
What is the highest common divisor of 2030315 and 20?
5
What is the highest common divisor of 1241068 and 5032?
68
Calculate the highest common divisor of 232217167 and 27181.
2471
Calculate the greatest common divisor of 457436880 and 1058.
1058
Calculate the greatest common divisor of 44000 and 1885000.
1000
What is the highest common divisor of 827 and 1924822652?
827
Calculate the greatest common factor of 1406881 and 70.
7
What is the highest common divisor of 23941089 and 3026?
89
What is the highest common divisor of 5394 and 926705382?
5394
Calculate the greatest common divisor of 3878475 and 405.
15
Calculate the highest common divisor of 36522 and 57883312.
4058
What is the highest common divisor of 3008 and 806050?
94
Calculate the greatest common factor of 552 and 1718568.
24
What is the highest common divisor of 44935296 and 1752?
1752
What is the highest common factor of 200 and 45573160?
40
Calculate the highest common factor of 3475888 and 952.
136
Calculate the greatest common divisor of 45346 and 3.
1
Calculate the highest common factor of 7166231 and 7.
1
What is the highest common factor of 362690 and 1970?
10
Calculate the greatest common divisor of 143597 and 75739.
37
What is the highest common factor of 108 and 20940228?
108
What is the greatest common divisor of 3514719 and 351?
39
What is the highest common divisor of 9709524 and 231?
33
Calculate the greatest common factor of 3196593694 and 14.
14
Calculate the greatest common divisor of 22121216 and 391.
391
Calculate the greatest common divisor of 8 and 29855976.
8
What is the highest common divisor of 58081 and 120259?
241
What is the greatest common factor of 452292 and 48?
12
What is the highest common factor of 2225878 and 10404?
578
What is the highest common factor of 372 and 1454700?
12
Calculate the greatest common divisor of 112969350 and 104.
26
What is the greatest common factor of 1948964938 and 114?
38
Calculate the highest common divisor of 4842 and 364730913.
2421
Calculate the highest common factor of 159652 and 10648.
4
What is the highest common factor of 14085752 and 3034?
74
Calculate the greatest common divisor of 1632939 and 26103.
231
What is the greatest common divisor of 21983064 and 24?
24
Calculate the highest common divisor of 118516248 and 238.
34
What is the highest common divisor of 41768 and 1444?
4
Calculate the greatest common divisor of 95417 and 767249.
301
What is the highest common factor of 17874 and 9220998?
1986
What is the highest common divisor of 95639 and 649?
59
What is the greatest common factor of 72 and 32515497?
9
What is the highest common divisor of 4146264 and 144?
72
Calculate the highest common factor of 896 and 18284672.
896
What is the highest common factor of 6969579462 and 18?
18
Calculate the greatest common factor of 462 and 1624238.
154
Calculate the highest common divisor of 64 and 2336332.
4
What is the greatest common divisor of 942 and 23886294?
942
Calculate the highest common factor of 5317416 and 214461.
1521
What is the greatest common factor of 307496 and 311752?
106